{"id":18,"date":"2013-10-21T14:38:13","date_gmt":"2013-10-21T12:38:13","guid":{"rendered":"https:\/\/dottortavazzi.it\/curedentarie\/?page_id=18"},"modified":"2018-04-24T11:46:01","modified_gmt":"2018-04-24T09:46:01","slug":"cosa-facciamo","status":"publish","type":"page","link":"https:\/\/dottortavazzi.it\/curedentarie\/cosa-facciamo\/","title":{"rendered":"COSA FACCIAMO"},"content":{"rendered":"<p>Lo Studio Tavazzi\u00a0 Zanetti si occupa dal 1996 di odontoiatria a 360 gradi\u00a0spaziando, oltre alle consuete branche dell&#8217;odontoiatria generale, anche nel campo dell&#8217;odontoiatria estetica e dell&#8217;ortodonzia &#8220;invisibile&#8221;. Viene data particolare attenzione alle problematiche odontoiatriche e psicosomatiche dei bambini. Effettuiamo anche prestazioni a domicilio: <!--more--><a href=\"https:\/\/dottortavazzi.it\/curedentarie\/wp-content\/uploads\/2013\/10\/Immagine-4-e1382681855268.png\"><img decoding=\"async\" loading=\"lazy\" class=\"aligncenter size-full wp-image-119\" src=\"https:\/\/dottortavazzi.it\/curedentarie\/wp-content\/uploads\/2013\/10\/Immagine-4-e1382681855268.png\" alt=\"Immagine 4\" width=\"576\" height=\"321\" \/><\/a><\/p>\n<p>alcune prestazioni di base\u00a0possono \u00a0essere effettuate senza eccessive penalizzazioni di qualit\u00e0, ad esempio visita (con tutti i limiti per la scarsa illuminazione e la mancanza di apparecchiature aspiratrici) o\u00a0impronte per protesi rimovibili. Prestazioni pi\u00f9 complesse necessitano di attrezzature diagnostiche e terapeutiche che non sono disponibili domiciliarmente, ma nel nostro studio perfettamente e modernamente attrezzato. Il personale dello studio altamente specializzato,\u00a0simpatico ed affabile, sa affrontare qualunque situazione di eventuale tensione o paura\u00a0che dovesse presentarsi prima e\/o durante lo svolgimento delle cure.<\/p>\n<p>&nbsp;<\/p>\n<blockquote><p><a href=\"https:\/\/dottortavazzi.it\/curedentarie\/wp-content\/uploads\/2018\/04\/IMG-20180408-WA0000-e1523516635676.jpg\"><img decoding=\"async\" loading=\"lazy\" class=\"alignleft wp-image-2674 size-medium\" src=\"https:\/\/dottortavazzi.it\/curedentarie\/wp-content\/uploads\/2018\/04\/IMG-20180408-WA0000-e1523516635676-300x289.jpg\" alt=\"\" width=\"300\" height=\"289\" srcset=\"https:\/\/dottortavazzi.it\/curedentarie\/wp-content\/uploads\/2018\/04\/IMG-20180408-WA0000-e1523516635676-300x289.jpg 300w, https:\/\/dottortavazzi.it\/curedentarie\/wp-content\/uploads\/2018\/04\/IMG-20180408-WA0000-e1523516635676.jpg 558w\" sizes=\"(max-width: 300px) 100vw, 300px\" \/><\/a>Il Dott. Stefano Zanetti illustre ed affermato professionista nel campo dell&#8217; odontoiatra oltre che lavorare nel suo studio di Malnate (vd sito) presta regolarmente la sua opera in Kenya.<br \/>\nLa sua preparazione si \u00e8 cos\u00ec arricchita delle patologie e delle realt\u00e0 tipiche di questa parte di mondo.<\/p><\/blockquote>\n<p>&nbsp;<\/p>\n<p>&nbsp;<\/p>\n<p><a href=\"https:\/\/dottortavazzi.it\/curedentarie\/cosa-facciamo\/diagnostica-odontoiatrica\/\"><img decoding=\"async\" loading=\"lazy\" class=\"alignleft size-full wp-image-903\" src=\"https:\/\/dottortavazzi.it\/curedentarie\/wp-content\/uploads\/2014\/02\/diagnostica-odontoiatrica-e1392209670720.png\" alt=\"diagnostica odontoiatrica\" width=\"250\" height=\"47\" \/><\/a><a href=\"https:\/\/dottortavazzi.it\/curedentarie\/cosa-facciamo\/igiene-e-profilassi\/\"><img decoding=\"async\" loading=\"lazy\" class=\"alignleft size-full wp-image-855\" src=\"https:\/\/dottortavazzi.it\/curedentarie\/wp-content\/uploads\/2014\/02\/igiene-e-profilassi-e1392203786374.png\" alt=\"igiene e profilassi\" width=\"250\" height=\"47\" \/><\/a> <a href=\"https:\/\/dottortavazzi.it\/curedentarie\/cosa-facciamo\/odontoiatria-conservativa\/\"><img decoding=\"async\" loading=\"lazy\" class=\"alignleft size-full wp-image-857\" src=\"https:\/\/dottortavazzi.it\/curedentarie\/wp-content\/uploads\/2014\/02\/odontoiatria-conservativa-e1392203735212.png\" alt=\"odontoiatria conservativa\" width=\"250\" height=\"47\" \/><\/a> <a href=\"https:\/\/dottortavazzi.it\/curedentarie\/cosa-facciamo\/ortodonzia-infantile\/\"><img decoding=\"async\" loading=\"lazy\" class=\"alignleft size-full wp-image-858\" src=\"https:\/\/dottortavazzi.it\/curedentarie\/wp-content\/uploads\/2014\/02\/odontoiatria-infantile-e1392203720577.png\" alt=\"odontoiatria infantile\" width=\"250\" height=\"47\" \/><\/a> <a href=\"https:\/\/dottortavazzi.it\/curedentarie\/cosa-facciamo\/ortodonzia-gnatologia\/\"><img decoding=\"async\" loading=\"lazy\" class=\"alignleft size-full wp-image-904\" src=\"https:\/\/dottortavazzi.it\/curedentarie\/wp-content\/uploads\/2014\/02\/ortodonzia-e-gntologia-e1392209653872.png\" alt=\"ortodonzia e gntologia\" width=\"250\" height=\"47\" \/><\/a><a href=\"https:\/\/dottortavazzi.it\/curedentarie\/cosa-facciamo\/parodontologia\/\"><img decoding=\"async\" loading=\"lazy\" class=\"alignleft size-full wp-image-860\" src=\"https:\/\/dottortavazzi.it\/curedentarie\/wp-content\/uploads\/2014\/02\/parodontologia-e1392203687130.png\" alt=\"parodontologia\" width=\"250\" height=\"47\" \/><\/a> <a href=\"https:\/\/dottortavazzi.it\/curedentarie\/cosa-facciamo\/chirurgia-orale\/\"><img decoding=\"async\" loading=\"lazy\" class=\"alignleft size-full wp-image-851\" src=\"https:\/\/dottortavazzi.it\/curedentarie\/wp-content\/uploads\/2014\/02\/chirurgia-orale-e1392203850535.png\" alt=\"chirurgia orale\" width=\"250\" height=\"47\" \/><\/a><a href=\"https:\/\/dottortavazzi.it\/curedentarie\/implantologia\/?preview_id=209&amp;preview_nonce=8e1a7df157&amp;_thumbnail_id=-1&amp;preview=true\"><img decoding=\"async\" loading=\"lazy\" class=\"alignleft size-full wp-image-856\" src=\"https:\/\/dottortavazzi.it\/curedentarie\/wp-content\/uploads\/2014\/02\/implantologia-e1392203772100.png\" alt=\"implantologia\" width=\"250\" height=\"47\" \/><\/a> <a href=\"https:\/\/dottortavazzi.it\/curedentarie\/cosa-facciamo\/protesi\/\"><img decoding=\"async\" loading=\"lazy\" class=\"alignleft size-full wp-image-861\" src=\"https:\/\/dottortavazzi.it\/curedentarie\/wp-content\/uploads\/2014\/02\/protesi-odontoiatrica-e1392203603990.png\" alt=\"protesi odontoiatrica\" width=\"250\" height=\"47\" \/><\/a> <a href=\"https:\/\/dottortavazzi.it\/curedentarie\/cosa-facciamo\/estetica-del-sorriso\/\"><img decoding=\"async\" loading=\"lazy\" class=\"alignleft size-full wp-image-853\" src=\"https:\/\/dottortavazzi.it\/curedentarie\/wp-content\/uploads\/2014\/02\/estetica-del-sorriso-e1392203815826.png\" alt=\"estetica del sorriso\" width=\"250\" height=\"47\" \/><\/a><\/p>\n","protected":false},"excerpt":{"rendered":"<p>Lo Studio Tavazzi\u00a0 Zanetti si occupa dal 1996 di odontoiatria a 360 gradi\u00a0spaziando, oltre alle consuete branche dell&#8217;odontoiatria generale, anche nel campo dell&#8217;odontoiatria estetica e dell&#8217;ortodonzia &#8220;invisibile&#8221;. Viene data particolare attenzione alle problematiche odontoiatriche e psicosomatiche dei bambini. Effettuiamo anche prestazioni a domicilio:<\/p>\n","protected":false},"author":1,"featured_media":0,"parent":0,"menu_order":0,"comment_status":"open","ping_status":"open","template":"","meta":{"_et_pb_use_builder":"","_et_pb_old_content":"","_et_gb_content_width":""},"_links":{"self":[{"href":"https:\/\/dottortavazzi.it\/curedentarie\/wp-json\/wp\/v2\/pages\/18"}],"collection":[{"href":"https:\/\/dottortavazzi.it\/curedentarie\/wp-json\/wp\/v2\/pages"}],"about":[{"href":"https:\/\/dottortavazzi.it\/curedentarie\/wp-json\/wp\/v2\/types\/page"}],"author":[{"embeddable":true,"href":"https:\/\/dottortavazzi.it\/curedentarie\/wp-json\/wp\/v2\/users\/1"}],"replies":[{"embeddable":true,"href":"https:\/\/dottortavazzi.it\/curedentarie\/wp-json\/wp\/v2\/comments?post=18"}],"version-history":[{"count":160,"href":"https:\/\/dottortavazzi.it\/curedentarie\/wp-json\/wp\/v2\/pages\/18\/revisions"}],"predecessor-version":[{"id":2778,"href":"https:\/\/dottortavazzi.it\/curedentarie\/wp-json\/wp\/v2\/pages\/18\/revisions\/2778"}],"wp:attachment":[{"href":"https:\/\/dottortavazzi.it\/curedentarie\/wp-json\/wp\/v2\/media?parent=18"}],"curies":[{"name":"wp","href":"https:\/\/api.w.org\/{rel}","templated":true}]}}